f k?
1
What is the tens digit of 1/2 + 2989/14?
1
Let p = -84 + 91. Suppose -5 = 3*g - 17. Let t = p - g. What is the units digit of t?
3
Let v be (1/2)/(5/50). Suppose -150 = -5*t + v*r, 4*r + 20 = t + r. What is the tens digit of t?
3
Let l be 9 - (4 - (6 - 3)). Suppose -l = -y + 2*p + 13, 0 = 3*y + 3*p - 18. Suppose -y = -5*j + 144. What is the tens digit of j?
3
Let u be (12/12)/((-1)/5). What is the tens digit of 1*(-1)/(u/775)?
5
Suppose 329*g = 318*g + 20438. What is the units digit of g?
8
Suppose 2*n + m - 9 = 0, 27 = 4*n + 2*m + 3*m. Suppose -4*i - k = -27, 8*i - 15 = n*i - 5*k. What is the units digit of i?
8
What is the tens digit of (-46*236/(-10))/((-72)/(-180))?
1
Suppose 29*c - 4674 = 10*c. What is the tens digit of c?
4
Let j(b) = 22*b**3 - 3*b**2 + b - 2. Let g be j(2). Let s = -113 + g. Suppose 8*l - 43 = -t + 3*l, -s = -t - l. What is the units digit of t?
3
What is the thousands digit of (-24)/9*(-7740)/8?
2
Let p be (0 - 2)/((-6)/(-39)). Let o(l) = l + 14. Let h be o(p). What is the tens digit of h - 0/2 - -32?
3
Let o(u) = -u**2 - 14*u - 10. Let k be o(-14). Let j(b) = 11*b**3 - b**2 + b - 1. Let f be j(1). What is the units digit of 6/k + 56/f?
5
Let m = 120 - 108. Suppose m*d = 1081 - 97. What is the units digit of d?
2
Let w(z) = 9*z + 7. Let d(r) = -r**2 - 14*r + 16. Let f be d(-15). Suppose 5*a = 16 - f. What is the tens digit of w(a)?
3
Suppose 9*a + 3*v = 5*a + 9347, 0 = -3*a + v + 7007. What is the thousands digit of a?
2
Let n(k) = k**3 - 9*k**2 + 8. Let q be n(9). Let a(d) = 2*d**2 - 76 + 80 + q*d + 0*d**2. What is the units digit of a(-5)?
4
What is the tens digit of 7/(1 - (-642)/(-645))?
0
Suppose -24*n - 29921 = -85625. What is the units digit of n?
1
Suppose 4*n + w = 9, -n + 4 = 5*w - 3. Suppose n*l - 68 = l + 2*u, 2*u = 2*l - 128. What is the tens digit of l?
6
Let u = 86 - 54. What is the tens digit of (4/(u/(-4)))/(1/(-62))?
3
Let z(g) = -347*g + 12. What is the tens digit of z(-2)?
0
Let w be 3/(3 - (-2 + 4)). Suppose -8 = -p - w. Suppose p*k - 12 - 8 = 0. What is the units digit of k?
4
Suppose 0 = -0*m + 2*m. Suppose m = 2*x + x - 255. Suppose -5 + x = 4*q. What is the tens digit of q?
2
Let a(y) = y**3 + 14*y**2 + 12*y - 6. Let r be a(-13). Suppose 0 = r*v - 206 - 417. What is the units digit of v?
9
Let t(h) = h**3 + 16*h**2 + 16*h + 17. Let o be t(-15). Suppose -o*l + 2*z = -3*l - 14, 5*l = 3*z - 57. Let a = l + 43. What is the tens digit of a?
3
Suppose 0 = 2*v - 2*q, 4*v + v + 5*q = -10. Let d(n) = n**3. Let a be d(v). Let g = a + 16. What is the units digit of g?
5
Suppose -13 = -7*p + 8. What is the tens digit of -2 + (-2 + p + 124)*1?
2
Let q = 19 - -404. What is the hundreds digit of q?
4
Suppose 0 = -5*w - 4*a + 7439, w + 238 - 1722 = 3*a. What is the hundreds digit of w?
4
Let p be 1*(-8)/(-1 + 5). Let z be p/(1 + -5)*82. Suppose -4*s + 15 = -s, -i + s + z = 0. What is the tens digit of i?
4
Let v be (-47 + -1)/1*(31 - 29). Let o = 212 + v. What is the units digit of o?
6
Let g = 238 - 77. Let v = 236 - g. What is the units digit of v?
5
Let b(i) = 19*i**2 - 2*i - 70. What is the hundreds digit of b(-6)?
6
Suppose 5*s - 1956 = -4*u, 5*s = u + 3*s - 502. What is the tens digit of u?
9
Let d be (2 - (-15)/(-10))*-6. What is the units digit of (-1)/(d/393 - 0)?
1
What is the units digit of (814/(-44))/((0 - -2)/(-60))?
5
Let y(a) = 21*a**3 + 2*a**2 + 5*a + 9. Let q be y(4). Suppose -355 - q = -11*x. What is the units digit of x?
0
Suppose -3332 = -7*h + 28574. What is the units digit of h?
8
Let p(q) = 5*q + 23 - 13*q**2 + 14*q**2 - 1. What is the units digit of p(-9)?
8
Let i = -20 - -22. Suppose i*r = -0*r + 2. What is the tens digit of 185/10*(r + 1)?
3
Let y(w) = -187*w + 221. What is the hundreds digit of y(-14)?
8
Let a be 1467/(-36) + (-3)/(-4). Let x = 39 - a. What is the tens digit of x?
7
Let d be (-3 - 4/(-8))*-2. Suppose 0 = d*o - 3*l - 119, 3*o - 75 = -2*l + 5*l. Suppose -34 + 0 = -2*x + c, -3*c = -x + o. What is the units digit of x?
6
Let g(c) = -124*c - 1. Let r be g(-1). Suppose 111 - 38 = -u. Let w = u + r. What is the units digit of w?
0
Let n be (-10)/(-30) + 4/6. What is the units digit of 2/(n + 1) - -3?
4
Let h(l) = -6*l**3 + 5*l**2 - 5*l + 9. Let o(x) = -2*x - x**3 + 4 + 2*x**2 - x**3 - x**3. Let y(n) = 6*h(n) - 13*o(n). What is the units digit of y(2)?
4
What is the hundreds digit of ((-2616)/3)/(-2) + -6?
4
Let o = 25 - 18. Suppose 0 = 5*n + 2*j, n = -4*n - 4*j. Suppose -v = -o*b + 2*b + 124, b - 3*v - 36 = n. What is the tens digit of b?
2
Suppose 6 + 16 = 2*w. Let c = w + -8. Suppose c*i = 2*k - 49, k = 4*i + 15 + 7. What is the tens digit of k?
2
Suppose -49 = -g - 4*j + 86, 16 = 4*j. What is the units digit of g?
9
Suppose 46*r - 2568 = 38*r. What is the units digit of r?
1
Let w(p) = -p**3 + 29*p**2 - 21*p - 10. What is the hundreds digit of w(28)?
1
Suppose -y + 7 = -v - 4*y, -3*y + 1 = 5*v. Suppose -18*u = 3*u - 42. Suppose -2*s - 3*n = u*n + 9, 18 = v*s - 4*n. What is the units digit of s?
3
Suppose 2*s = 4*o - 8744, 5*o + 37*s - 39*s = 10932. What is the hundreds digit of o?
1
Let r(q) = 503*q**2 + 8*q + 2. What is the thousands digit of r(2)?
2
Let k = 58 - 41. Let n(u) = -u**3 - 6 - 7*u + k*u**2 - 3*u - 24*u**2. What is the tens digit of n(-6)?
1
Let y = -183 - -442. What is the hundreds digit of y?
2
What is the thousands digit of (-149484)/(-45) + 4/120*4?
3
Let g = 5 + -1. Suppose -g*o = -0*o - 180. What is the tens digit of o?
4
Let u(k) = -4*k**3 - 57*k**2 - 4*k + 29. What is the units digit of u(-16)?
5
Let o(d) be the first derivative of -d**4/4 - d**3 - 5*d - 1. What is the units digit of o(-5)?
5
Let k(x) = -6*x - 11. Suppose 2*h + 3 = 5. Let l be h - (6 - 3) - 5. What is the units digit of k(l)?
1
Let b be 28/(-35) - 342/10. Let c = b - -64. What is the units digit of c?
9
Let z(f) = -11 - 8*f - 4*f**2 - f**2 + 6*f**2. What is the units digit of z(11)?
2
Let g = 1003 + 2524. What is the hundreds digit of g?
5
What is the units digit of -7 + 1 + 7 + 505?
6
Let h(y) = 5*y**3 - 2*y**2 - 5*y + 10. What is the hundreds digit of h(3)?
1
Suppose 5*w - 4*w = -2*d + 759, 0 = -2*w + 2. What is the tens digit of d?
7
Let i be (-2)/(-2)*(3 - 1). Let m be -1*i/2*-7. Let o = 67 + m. What is the units digit of o?
4
Let w(p) = 7*p - 11. Let m(r) = 8*r - 11. Let k(n) = 2*m(n) - 3*w(n). What is the units digit of k(-7)?
6
Suppose 18*k - 32 = 14*k. Suppose 0 = -k*n + 610 - 58. What is the tens digit of n?
6
Suppose 4*w - 4*l - 692 = 0, -l - 515 = 7*w - 10*w. What is the units digit of w?
1
Suppose -5490 = 16*a - 18050. Suppose -14*v = -19*v + a. What is the units digit of v?
7
Let q(t) = t - 1. Let x be q(5). Let z be (1 - 13/(-2))*(-4)/(-5). Suppose 2*d - z = -n, x*n - 3*d - 4 = 9. What is the units digit of n?
4
Suppose 0 = -12*n + 13*n + 63. Let j = -15 - n. What is the tens digit of j?
4
Let m(b) = 17*b + 6. Let x be m(2). Let p = x - 7. What is the units digit of p?
3
What is the units digit of 1/6 - (125060/(-24))/13?
1
Suppose -3*l - 19 = 3*k + 11, 4*k + 5 = 3*l. Let f(o) = 10*o**2 - 6*o - 12. What is the tens digit of f(l)?
6
Suppose g + 4*r - 2325 = 0, -4*g = 3*r - 2778 - 6561. What is the units digit of g?
7
Suppose -140 = -3*p + p - g, p - 70 = 2*g. Let m = p - -70. What is the tens digit of m?
4
Let i = 82 - 81. What is the units digit of i?
1
Let n(t) = 2*t + 4. Let k be n(3). Let y = -12 + k. Let a(z) = -4*z + 4. What is the units digit of a(y)?
2
Let d = 1783 - 837. What is the units digit of d?
6
Let d(k) = 2*k**2 + 25*k + 198. What is the hundreds digit of d(25)?
0
Let k(q) = -6*q**2 - 9 + 6*q**2 + 2 + 2*q**2 - 16*q. What is the units digit of k(10)?
3
Let j be -2 + (1*0/3 - 26). Let g = j + 35. What is the units digit of g?
7
What is the hundreds digit of (9/45)/(3/4215)?
2
Suppose -3*q - 2*z = 140, -3*q + 4*z - 33 = 101. Let k = 73 + q. What is the units digit of k?
7
Suppose 199 + 5666 = 23*p. What is the units digit of p?
5
Let k(s) = -10*s - 5. Let x be k(-2). Suppose x*q - 275 = 10*q. What is the tens digit of q?
5
Let l(r) be the second derivative of r**5/20 + r**4 - r**3/3 - 6*r**2 - 21*r. Let p be 1 - 4 - 54/6. What is the tens digit of l(p)?
1
Suppose 5*w - 35 = -5*f, w = -0*f + 5*f - 41. Let a(k) = -k**3 - 4*k**2 - 3*k - 2. Let v b